 digit of a?
8
Suppose 0*o = -2*o - 4*j + 30, -3*o + j = -10. Suppose -3*c = -o*d, 0*d - d = 2*c - 13. What is the units digit of d?
3
Let v(o) = o**3 + 12*o**2 + 13*o - 11. What is the tens digit of v(-10)?
5
Let s(m) = 31*m - 10. What is the tens digit of s(3)?
8
Suppose 4*r + x = -r + 122, 4*r = 2*x + 92. What is the units digit of (-9 - 0)/(r/(-32))?
2
Suppose 3*w = -y + 3, -3*w - 3 + 0 = 0. Suppose k = 4*k + 12. What is the tens digit of 58/y - k/12?
1
Suppose -2*v = -4*v + 12. Let n = v - 1. What is the units digit of n?
5
Let d be 44/6*6/(-1). Let p be 2/(-4)*-6 - d. Let z = p - 33. What is the units digit of z?
4
Let f = 4 - 2. Let n(q) = 2*q**2 + 2*q - 3. What is the units digit of n(f)?
9
Let o(k) = -k**3 + 7*k**2 + 9*k - 11. Let m be o(8). Let t(g) = -4*g + 1. Let x be t(m). Let l = x + -7. What is the units digit of l?
6
Suppose -3*w - 94 = -3*o - o, -2*o - 3*w = -56. What is the tens digit of o?
2
Suppose 0 = -7*n + 2*n + 260. Suppose 4*l = -l + 3*p + 67, -n = -4*l + 2*p. What is the tens digit of l?
1
Let o be -6*1*(-2)/4. Suppose 5*l - o = 2*l. What is the units digit of l?
1
Let z(x) = -x**3 + 3*x**2 + x. Let j be z(-2). Let m = 33 - j. What is the units digit of m?
5
Let a be -3*(1 - 0)/(-1). Let t = -3 + a. Suppose -y + 4 + 4 = g, 5*y - 5 = t. What is the units digit of g?
7
Suppose -2*g - 2*g = -16. What is the units digit of g?
4
Let t(h) = h**2 - h. Let w be 4/1 + 3 + -2. Let z be t(w). Suppose 3*o - z = -4*i - 3, 2*o + 2*i = 10. What is the units digit of o?
3
Let t(m) be the third derivative of -m**6/360 + 3*m**5/40 - m**4/8 - m**3/6 - m**2. Let u(q) be the first derivative of t(q). What is the units digit of u(8)?
5
Let t(x) = -x**2 - 7*x - 5. Let b(d) = -d**2 - 12*d - 6. Let a be b(-12). Let r be t(a). Let s = r + 11. What is the tens digit of s?
1
Let o = 10 + -4. Suppose -t + 4*g = -0*g - 20, -4*g + 4 = 5*t. Let a = o - t. What is the units digit of a?
2
Let w = 29 - -36. What is the tens digit of w?
6
Suppose -3*s - 2 = -8. Let v(n) = 3*n**2 + 3*n + 0*n + 3 + 0*n - s*n**2. What is the tens digit of v(-5)?
1
Suppose 0 = -3*h + 70 - 4. What is the tens digit of h?
2
Suppose 3*x = f + f - 256, 5*f - 4*x = 626. What is the hundreds digit of f?
1
Let w be -9 + 0/(-1 - 0). Let j = -6 - w. Suppose 0 = -5*d - 3*n + 17, -2*d - d - j*n + 9 = 0. What is the units digit of d?
4
Let p(n) = 17*n**3 - 2*n**2 + 2*n - 1. Suppose -2*s = 3*c + 5, -3*s + 9 = 21. Let i be p(c). Suppose 2*q = 4*q - i. What is the units digit of q?
8
Let k = 57 + -22. What is the tens digit of k?
3
Let p(d) = -2*d**2 - 5*d - 6. Let z(o) = -o**2 + o - 1. Let m(k) = p(k) - 3*z(k). Let u be m(10). Let a = u - 6. What is the units digit of a?
1
Let h(y) = 2 + 2 - 4*y**3 + 5*y**3 + 4*y**2 - 3*y - 2*y. Suppose -d - 15 = 4*s, 0*s - 20 = -s - 5*d. What is the units digit of h(s)?
4
Suppose 35 - 126 = 3*n - 5*z, -3*n = -3*z + 81. Let i = n + 45. What is the tens digit of i?
2
Let q(p) = p**3 - 13*p**2 - 10. What is the units digit of q(14)?
6
Suppose -5*o + 4*d - 2 + 4 = 0, 3*o - 2*d - 2 = 0. Let w be ((-5)/5)/(o/(-6)). What is the units digit of (-1)/w + 154/21?
7
Let a(g) = -g**3 + 2*g**2 - 2*g + 6. Let z(y) = -y**3 + 2*y**2 - 2*y + 5. Let b(c) = -4*a(c) + 5*z(c). Let r be b(2). What is the units digit of ((-4)/r)/(2/3)?
2
Let z = 11 + 19. What is the units digit of z?
0
Let w(r) = 0*r**2 + r - r**2 + 3*r + 4. Let a be (-10)/(-25) + 18/5. What is the units digit of w(a)?
4
Suppose -2*j + 6*j - 48 = 0. Suppose 3*l + j = 6*l. Suppose l*c = -3*w + 7 + 4, -4*w - 5*c = -15. What is the units digit of w?
5
Suppose -3*f + f + 16 = 0. Let x = f + -4. Let v = x - 3. What is the units digit of v?
1
Suppose -12 - 18 = -2*v. Suppose -5*l - 17 = -2*x, v = 3*x - 0*l + 3*l. What is the units digit of x?
6
What is the units digit of 2 + (-2834)/(-16) + (-4)/32?
9
Let u(r) = -14*r - 17. What is the tens digit of u(-9)?
0
Let f(w) = w**3 - 7*w**2 + 4. What is the units digit of f(7)?
4
Suppose 0 = 3*a - 2*k - 6, 4 = 5*a - 5*k - 1. Suppose a*l - 42 = 74. What is the tens digit of l?
2
Let c(n) = 5*n**2 - 4*n - 1. Let h(y) = -4*y**2 + 3*y. Let d be -1 + (-4)/(12/9). Let o(w) = d*h(w) - 3*c(w). What is the units digit of o(3)?
2
Suppose 0*u = 3*y - 2*u, 5*u - 9 = 3*y. Suppose 26 = y*i - 5*s, 2*i + 3*s = 18 + 40. What is the tens digit of i?
2
Let u(v) = -2*v - 5. Suppose 4*c + 1 + 5 = a, 4*a - 5*c - 24 = 0. Let j = a - 13. What is the units digit of u(j)?
9
Let c = 1 + 2. Suppose o - c*o = -34. What is the units digit of o?
7
Let a(r) be the first derivative of r**4/4 - 8*r**3/3 - 3*r**2 - 5*r + 2. Let u be a(9). Let x = u + -4. What is the tens digit of x?
1
Suppose 4*k + 3*b - 25 = 0, -k + b + 16 = 5*b. Suppose -2*n - 28 = -2*h, -5*n + k*h - 15 - 50 = 0. Let s = n - -15. What is the units digit of s?
6
Suppose x = -j + 128, -2*j - 3*j + 670 = -x. What is the hundreds digit of j?
1
Suppose -4*w + 315 - 108 = -5*u, 5*u + 15 = 0. What is the units digit of w?
8
Let q(s) = -2*s - 10. Let m be q(-6). Suppose m*j - 4*j = -84. What is the units digit of j?
2
Let j(w) = w**2 - 2*w - 10. What is the tens digit of j(8)?
3
Suppose -2*o = -3*j - 65, 0 = -2*o - 3*j - 0*j + 71. What is the units digit of o?
4
Let l = 0 + 3. Suppose 5*k - 4*k + l*i = 1, -5*k + 3*i + 41 = 0. What is the units digit of k?
7
Let r(u) = 2*u**3 + 4 + u**3 - 2*u**3 - 3*u - u**2 - 3. What is the units digit of r(3)?
0
Suppose -4 + 0 = -4*s. Suppose s + 3 = k. Suppose k*u - 5 - 19 = 0. What is the units digit of u?
6
What is the units digit of 179*5/10*2?
9
Let r = 0 - 0. Let z = -8 - -13. What is the units digit of (z - r)*(-12)/(-10)?
6
Let x = 59 - 22. Suppose -w + x = 2*n, -4*n + w + 9 + 50 = 0. What is the tens digit of n?
1
Let k(z) = 4*z**2 - z + 3. What is the tens digit of k(-2)?
2
Suppose 0 = 2*p + p + 27. Let n = 0 - p. What is the units digit of n?
9
Let u = 1 + 0. Let x be u*(-1 - -1*7). Suppose 39 = 3*t + x. What is the units digit of t?
1
Suppose 0 = 4*n - 1 - 11. Let j(w) = -1 + 2 - 5*w + 2*w + n*w**2. What is the units digit of j(2)?
7
Suppose 5*f - 77 = -2. What is the units digit of f/12 - 2/8?
1
Let y be (3 + -2)*(-2 + 0). Let n be 5/y*(-12)/10. Suppose f - n = -2. What is the units digit of f?
1
Let t(m) = -m**3 + 9*m**2 + m - 5. Let g be (-3)/(-4)*(0 - -12). What is the units digit of t(g)?
4
What is the units digit of (-6)/(-8) + (-474)/(-8)?
0
Let a = -1 + 4. Suppose 0 = 4*y - 2*y + a*w + 16, 3*y + 7 = 4*w. What is the tens digit of 3/(3 - (-14)/y)?
1
Let d = -39 - -69. What is the tens digit of d?
3
Suppose 0 = x - 2*f - 27, -2*x - 5*f = -15 + 6. What is the units digit of x?
7
Let x(g) be the first derivative of -g**4/4 - 3*g**3 + 9*g - 3. What is the units digit of x(-9)?
9
Let n be (0 - 2) + 1*-2. Let o be (n/(-3))/(2/6). Suppose -2*z = -4*z + o. What is the units digit of z?
2
What is the tens digit of 126/8*(14 + -10)?
6
Suppose 3*r = 5*r + 2*y - 18, 0 = -y + 4. Suppose -2*b - a - 11 = -b, b - 5*a = -r. What is the units digit of (12/b)/(2/(-10))?
6
Let p be (-8)/20 + (-64)/(-10). Suppose 0 = -3*o + p + 30. What is the units digit of (o/(-15))/(1/(-10))?
8
Suppose -12*f + 206 = -11*f. What is the units digit of f?
6
Let a(q) = -2*q**2 - 6*q - 5. Let b(p) = -p**2 - 3*p - 3. Let z = -13 + 8. Let s(c) = z*b(c) + 3*a(c). What is the units digit of s(-2)?
2
Let f be (-2)/((-3)/((-6)/(-4))). Suppose 4*r - 2*r = 0. What is the units digit of (f + r)/((-2)/(-8))?
4
Let r(d) = 14*d**2 - d. Suppose -z + 3 - 4 = 0. Let k be r(z). Suppose 0 - k = -5*v. What is the units digit of v?
3
Let z(w) = w**2 - 12*w - 8. What is the tens digit of z(-8)?
5
Suppose 5*n - 187 = -4*p, p = -2*n + 112 - 39. What is the tens digit of (-4)/(-14) + 550/n?
1
Suppose 0 = 5*n - 2 - 3. Let i be 1*n*(0 - 0). Suppose -3*c + 4*t - t + 15 = 0, i = -4*c + 2*t + 26. What is the units digit of c?
8
Let j(y) = -y**3 + 6*y**2 + 10*y - 4. Suppose -3*w - 21 = -6*w. What is the units digit of j(w)?
7
Let c = -20 - -26. What is the units digit of (c/5)/((-8)/(-80))?
2
Let z(m) = m**2 - m + 6. Let i be z(6). What is the units digit of (i/(-3))/(-1) + -3?
9
Let v = -2 - 0. Let s = 4 + v. Suppose y + s*y = 3. What is the units digit of y?
1
Suppose 0 = -4*r - 13*r + 884. What is the tens digit of r?
5
Let p be 15/5 - (1 + 1). Let t = p